a
Convert -98388 (base 10) to base 2.
-11000000001010100
322c8b (base 16) to base 10
3288203
Convert -836716 (base 9) to base 2.
-1111001010110000111
Convert 143590 (base 12) to base 9.
564320
6e08 (base 16) to base 12
14374
What is 827b0 (base 13) in base 14?
614d2
What is 120223120332 (base 4) in base 2?
11000101011011000111110
What is -1110013242 (base 5) in base 2?
-1001001111100010100011
Convert -9392 (base 14) to base 15.
-77e2
What is -1570b83 (base 14) in base 13?
-2233809
What is -3b3c1 (base 13) in base 10?
-110514
Convert 57d (base 15) to base 14.
64b
What is -50a87 (base 13) in base 6?
-3033250
What is -12c9ad (base 15) in base 10?
-903313
Convert 101111010011100100010 (base 2) to base 12.
629082
Convert -13216121 (base 7) to base 6.
-42011135
What is 1800ad (base 14) in base 9?
1527477
What is -120105 (base 6) in base 10?
-10409
What is -97310 (base 10) in base 2?
-10111110000011110
-8247264 (base 9) to base 10
-4401193
-70910 (base 10) to base 15
-16025
Convert 100000000111110 (base 2) to base 15.
4d16
What is 110112021002112 (base 3) in base 6?
354412105
What is c483 (base 14) in base 5?
2040302
What is 11011101101011 (base 2) in base 5?
423222
-308410 (base 13) to base 7
-12423466
2313023123 (base 4) to base 7
6243314
Convert 22362 (base 15) to base 7.
632051
57713 (base 9) to base 12
1a333
Convert -1e14e9 (base 16) to base 4.
-13201103221
3121226 (base 8) to base 3
1120001212200
2c76e3 (base 15) to base 12
879066
What is -1311b8 (base 13) in base 6?
-13503141
Convert -410012 (base 5) to base 11.
-9959
What is 211311003220 (base 4) in base 11?
5663585
What is -3234402 (base 5) in base 11?
-38858
What is b3d8 (base 14) in base 16?
78f2
11111000001100000110000 (base 2) to base 13
18b992c
Convert -1010100001010000 (base 2) to base 11.
-2a411
What is 5221005 (base 7) in base 11?
399099
Convert -125b28 (base 14) to base 15.
-c6c7d
Convert -1556164 (base 7) to base 12.
-a4aaa
What is -1011010000110000010 (base 2) in base 3?
-200202012122
Convert -7432 (base 15) to base 7.
-131432
Convert 5ac2e (base 16) to base 6.
11545034
Convert 31322 (base 9) to base 6.
235415
-1b119 (base 13) to base 7
-310166
What is -213041203 (base 5) in base 15?
-12e4a3
495693 (base 10) to base 2
1111001000001001101
What is -3713a3 (base 13) in base 14?
-263b7d
What is -337aa (base 12) in base 3?
-10111000011
Convert 665010 (base 7) to base 16.
1c8ea
What is -470619 (base 10) in base 5?
-110024434
-16001 (base 16) to base 7
-523502
Convert 100010011011011110011001 (base 2) to base 4.
202123132121
143242334 (base 5) to base 12
30735a
Convert 592762 (base 10) to base 2.
10010000101101111010
Convert 3001042 (base 5) to base 9.
71446
-7803e (base 16) to base 14
-cb210
Convert -1178473 (base 12) to base 7.
-40565241
What is -33808 (base 11) in base 7?
-262354
What is -8aa3a (base 16) in base 5?
-121132431
-2c20d2 (base 15) to base 4
-20020303031
Convert 1000100110110100110 (base 2) to base 4.
1010312212
12445450 (base 8) to base 10
2771752
Convert -1072873 (base 9) to base 14.
-1112ba
-7847125 (base 9) to base 2
-10000000111001110111010
Convert 354550 (base 6) to base 15.
923c
What is -35604 (base 11) in base 10?
-51308
320024300 (base 5) to base 13
37746b
What is 6414165 (base 7) in base 14?
163235
-13599 (base 16) to base 5
-10014012
Convert -1b91902 (base 12) to base 3.
-102010101211002
Convert -78c3 (base 15) to base 12.
-129a0
-6807b4 (base 13) to base 7
-26613642
Convert -135476 (base 14) to base 12.
-282480
What is -564405 (base 10) in base 3?
-1001200012220
-1355224 (base 6) to base 3
-10221111021
What is -2278c (base 13) in base 3?
-10012011111
Convert 34810 (base 12) to base 8.
211214
Convert 120316a (base 12) to base 5.
1343122213
Convert a88181 (base 11) to base 14.
3337c4
What is -11010101111100001001001 (base 2) in base 14?
-d06b33
What is -8a057 (base 12) in base 14?
-4aac3
What is -21502434 (base 6) in base 15?
-cb621
Convert -2354322 (base 6) to base 11.
-85274
73b65 (base 16) to base 10
473957
6870ec (base 15) to base 6
254503053
What is 3245772 (base 8) in base 16?
d4bfa
What is 452252 (base 7) in base 6?
1414342
What is -114663 (base 7) in base 8?
-50667
Convert -1000101011100110110010110 (base 2) to base 4.
-1011130312112
Convert 9878 (base 12) to base 15.
4e9b
-79798 (base 13) to base 15
-4573d
Convert 10011100111001101010 (base 2) to base 10.
642666
2862c (base 13) to base 9
124816
What is 10110000001100011 (base 2) in base 9?
146664
203005034 (base 6) to base 3
20120211111211
-32220202 (base 7) to base 12
-b04277
What is -4112412 (base 7) in base 15?
-9a5d0
6ae771 (base 15) to base 14
970aa3
-100022100001 (base 3) to base 13
-65521
Convert 10565502 (base 7) to base 14.
1a0a02
Convert 65c9 (base 16) to base 15.
7ac2
-34352221 (base 7) to base 3
-12122122022221
Convert -1001010000000010110 (base 2) to base 12.
-127506
Convert 9b537 (base 15) to base 7.
4125010
Convert 6865493 (base 10) to base 12.
2371105
Convert 153234512 (base 6) to base 13.
895820
Convert -3113444 (base 8) to base 9.
-1486764
11011111111101110 (base 2) to base 9
184261
What is 2054644 (base 8) in base 4?
2011212210
6c6cd (base 16) to base 4
1230123031
What is 5828dd (base 16) in base 4?
112002203131
What is -2237224 (base 8) in base 9?
-1123050
What is 6606700 (base 9) in base 12?
1231209
What is 530176 (base 9) in base 12?
132406
-26100366 (base 7) to base 2
-1001000010100110111110
Convert 10010110110001100 (base 2) to base 16.
12d8c
Convert -23035226 (base 7) to base 11.
-1152497
121133320120 (base 4) to base 16
65fe18
What is -51ba (base 15) in base 4?
-10031323
110100111011010000010 (base 2) to base 3
10021002222101
-1324113 (base 6) to base 16
-11f0d
111011000110101010 (base 2) to base 12
b8122
-30142312 (base 5) to base 2
-111010101011001100
-120220021012 (base 3) to base 13
-ac58c
What is -3047880 (base 9) in base 7?
-16552443
What is 2845694 (base 12) in base 2?
11110101110100110010000
2124130 (base 5) to base 8
106505
Convert -a99316 (base 12) to base 14.
-500946
Convert -209cc4b (base 13) to base 14.
-146a1b4
Convert 13617378 (base 9) to base 4.
121232120030
-24d63 (base 15) to base 13
-417b1
What is 20846 (base 14) in base 7?
444516
9b26 (base 14) to base 4
12210012
What is 2426 (base 11) in base 6?
22410
What is -377124 (base 8) in base 15?
-28a99
Convert -37824 (base 9) to base 14.
-93c4
110827 (base 13) to base 9
671351
-10c36 (base 14) to base 13
-15769
What is 104818 (base 9) in base 11?
43067
What is -859940 (base 10) in base 11?
-5380a4
122001001022221 (base 3) to base 16
8a2bae
What is 253b91 (base 12) in base 4?
2110133131
Convert -1477880 (base 11) to base 4.
-21221111301
-332624 (base 7) to base 12
-29b12
Convert -457360 (base 10) to base 9.
-766337
234354440 (base 6) to base 14
82d728
Convert -3033302244 (base 5) to base 3.
-102120110122210
What is 418307 (base 11) in base 9?
1230782
What is 209849 (base 10) in base 12?
a1535
1100000000010111 (base 2) to base 15
e885
What is 20413342 (base 5) in base 7?
1305116
Convert -34230201 (base 8) to base 5.
-3344333420
-11111101000000000 (base 2) to base 8
-375000
What is 2131080 (base 11) in base 16?
39368b
Convert 1010001101100010110010 (base 2) to base 8.
12154262
49948 (base 14) to base 12
88338
-1515232 (base 6) to base 7
-514400
What is 1100010000000101111001 (base 2) in base 11?
18a3a54
What is -137c30 (base 14) in base 5?
-133042144
-13204512 (base 6) to base 7
-3465422
-10010000010011001101000 (base 2) to base 8
-22023150
Convert -154b958 (base 13) to base 10.
-6823279
What is 2232002111 (base 4) in base 9?
1305758
666203 (base 7) to base 10
117407
What is 20101020011 (base 3) in base 14?
33a82
-2367383 (base 9) to base 15
-1a5a46
2101140 (base 8) to base 3
1001022222020
Convert 41a226 (base 13) to base 5.
343123243
Convert 333682 (base 10) to base 3.
121221201121
What is 171432 (base 8) in base 3?
10011100222
What is -20101222200202 (base 3) in base 16?
-33f488
Convert -260ca72 (base 13) to base 14.
-18202c3
Convert -1535d (base 16) to base 5.
-10240002
-26779 (base 11) to base 3
-1221101212
Convert 10341240 (base 8) to base 16.
21c2a0
Convert -1010111110001100001110 (base 2) to base 5.
-1214014144
27575405 (base 9) to base 13
2a935a8
What is 1064144 (base 7) in base 16?
20984
What is 110102245